 g(-1). Suppose 3*t - i - b = 0. What is the highest common factor of t and 6?
3
Suppose 5*k - 3*k = 28. Suppose -y - y = z - k, -4*y + 52 = 4*z. What is the highest common divisor of 18 and z?
6
Suppose 5*b = 3*b + 314. Let j = -93 + b. What is the greatest common factor of 8 and j?
8
Let d = 795 - 555. What is the greatest common divisor of d and 15?
15
Let i be (3 - 2) + 0 - 4. Let l(z) = -3 - 4*z**2 + 1 - z**3 + 0 - 4*z. Let x be l(i). What is the greatest common divisor of 3 and x?
1
Let u be ((-3)/4 - -1) + 902/328. Suppose -o + 2*v + 17 = -2*v, 4*o - 5*v = 79. Calculate the greatest common factor of o and u.
3
Suppose -2*x = 2*x - 1908. Let p = x - 257. What is the greatest common factor of 20 and p?
20
Suppose 86 = 4*q + 6. Let t(u) = -u + 21. Let o be t(13). Calculate the highest common factor of q and o.
4
Let g = 21 - 10. Let p be 22/2 - (-9 + g). Calculate the greatest common factor of 3 and p.
3
Let p = 796 + -508. Let v be 4/(-14) - p/(-28). What is the greatest common factor of v and 20?
10
Let s be ((-120)/8)/(2/8). Let c = s + 106. What is the greatest common factor of c and 69?
23
Suppose 0 = -18*i + 2322 - 540. Suppose -2*p + 44 = 2*p. What is the greatest common divisor of p and i?
11
Let d(x) = x**2 + 2. Let l be d(4). Suppose 5*g - 18 = r, 3*g + r = -2*r + l. Calculate the greatest common divisor of 36 and g.
4
Suppose -4*h + 3*t + 38 = -587, t - 459 = -3*h. Calculate the highest common factor of 22 and h.
22
Let a = 59 - 2. What is the greatest common divisor of a and 19?
19
Let u be (-4)/(-6) + (-1035)/(-27). Calculate the greatest common factor of u and 26.
13
Let l(o) = 23*o**3 - 2*o**2 + o. Let u be l(1). Let i = -1 - -2. Let s be 11/2*2/i. Calculate the highest common divisor of u and s.
11
Let r be 4/(-3)*(-1 + -8). Suppose 3*d + 31 = -14. Let s be (1 - d/(-9))*-54. What is the greatest common factor of r and s?
12
Suppose 0 = -u - 3 + 7. Calculate the highest common divisor of 2 and u.
2
Suppose 0 = 8*d + 37 - 149. Calculate the greatest common divisor of d and 70.
14
Let k(s) = -4*s - 8. Let v be k(-6). Let h = 39 + -23. What is the highest common factor of v and h?
16
Let j be (-114)/171 + (-65)/(-3) + 1. What is the greatest common factor of j and 66?
22
Let o = 17 + 53. Let n(d) = -d**3 + 6*d**2 - 3*d - 4. Let t be n(3). What is the highest common factor of o and t?
14
Let m = -8 - -10. Let i be 3/(-2)*m - -5. Let l = 30 - 16. Calculate the highest common factor of i and l.
2
Let a(r) = -r**3 - 2*r**2 - 3*r + 3. Suppose -4*n - 5*q - 2 = 0, -4*n + q - 16 = -q. Let p be a(n). Calculate the highest common factor of p and 3.
3
Suppose 0*l = -5*l - 5. Let y be -1 - (9 + 1 + l). Let n = 14 + y. Calculate the highest common factor of 36 and n.
4
Suppose -2*x - 2 + 8 = 0. Suppose c + 236 = x*u, -2*c = -13 + 5. Let f be 50/(-3)*(-6)/5. What is the highest common divisor of u and f?
20
Let y(h) = -9*h - 23. Let o be y(-3). What is the highest common factor of 2 and o?
2
Let g = 15 - 12. Calculate the greatest common divisor of g and 2.
1
Let v(x) = -x**3 + 8*x**2 - 4*x + 5. Let c be v(5). Suppose m + 128 = 5*m. Suppose m - 80 = -4*q. What is the highest common divisor of q and c?
12
Suppose -q + 18 = q. Let r = -3 - -8. Suppose 0 = r*f - q - 1. What is the highest common factor of 18 and f?
2
Let q(h) be the first derivative of -h**4/4 + 10*h**3/3 - 5*h**2/2 + 8*h + 3. Let f be q(7). Calculate the greatest common factor of 48 and f.
24
Let u = -296 - -731. Suppose -m - 4*m = -u. Calculate the highest common divisor of m and 29.
29
Suppose 2*t = -4*r - 3*t + 55, -3*t = -r + 1. What is the greatest common factor of 110 and r?
10
Suppose 3*u = -3*f - u + 17, 4*u + 25 = 3*f. What is the greatest common divisor of 35 and f?
7
Let u = 4 + -3. Let f = 1 - u. Suppose -y - 13 + 51 = f. What is the greatest common factor of y and 57?
19
Let c(t) be the third derivative of -t**4/24 + t**3/3 - t**2. Let l be c(-3). What is the highest common divisor of l and 20?
5
Let o be 4/((-4)/(-5)) - 1. Suppose 0 = -4*l - y + 299, o*l - 2*y + 4*y = 294. Let b = l - 53. What is the highest common divisor of b and 46?
23
Let i be -4 - (-544)/(1 - -3). Calculate the greatest common divisor of 12 and i.
12
Let g = 46 - -8. Calculate the greatest common factor of g and 18.
18
Let s(f) = -f**3 + f**2 + 3*f + 2. Let u be s(-5). Suppose u = 5*n - 3. What is the highest common divisor of 14 and n?
14
Suppose -5*c = d + 2*d - 124, 2*c + 200 = 4*d. Let q be 4/8 - (-11)/2. Calculate the highest common divisor of d and q.
6
Let g(p) = 5*p - 1 + 3*p - 6*p. Let f be g(6). What is the highest common factor of 99 and f?
11
Suppose 0 = 5*z - 28 - 12. Let q(f) = -8*f**3 - f**2 - f. Let t be q(-1). What is the highest common divisor of t and z?
8
Let b(p) = p**3 + 23*p**2 + 22*p + 13. Let f be b(-22). What is the greatest common divisor of 143 and f?
13
Suppose -485 = -3*b + 178. Calculate the greatest common divisor of b and 17.
17
Suppose 0 = -2*t - 422 - 26. Let p = -107 - t. Calculate the highest common divisor of 13 and p.
13
Let z(b) = 40*b + 3. Let m be z(6). Let v = -458 + m. Let r be 3/9 - v/3. Calculate the highest common factor of r and 9.
9
Let g = -3 + 6. Let y = 6 + -2. Suppose 5 + 49 = 2*u + 3*o, 108 = y*u - 4*o. What is the greatest common divisor of u and g?
3
Let y(z) = 2*z**2 - 6*z + 5. Let a be y(3). What is the greatest common divisor of 5 and a?
5
Let k(y) = -y**3 - y. Suppose -2*v = 7 - 3. Let w be k(v). Calculate the highest common factor of 10 and w.
10
Let k(o) = o**3 - 8*o**2 + 8*o. Let d be k(7). Let j be 1/(2 - (-7)/(-3)). Let w = -2 - j. What is the highest common divisor of d and w?
1
Let x be 115/25 + 4/10. Suppose -5*q - y = -36 - 37, x*q + 3*y = 79. Calculate the greatest common divisor of q and 35.
7
Let u(r) = r**3 + 5*r**2 + 2*r - 5. Let n be u(-4). Let j be (12/16)/(2/8). Calculate the highest common factor of j and n.
3
Let t(x) = -x**3 + 9*x**2 + 12. Let b = 7 + 2. Let w be t(b). Calculate the greatest common divisor of 12 and w.
12
Let k be 0/((-1 - -3) + -3). Suppose -m + 10 = 2*l - k*l, -l - 1 = 0. Let c = 150 - 138. What is the highest common factor of c and m?
12
Suppose s + 3*j - 44 = 0, -2*s + 48 = -s + 4*j. Calculate the highest common factor of 32 and s.
32
Suppose 66 = -4*c + k + 201, -c + 42 = -3*k. Calculate the greatest common factor of 22 and c.
11
Let z(q) = 14*q**3 - 2*q**2 + 1. Let k be -1 - (-1 - (1 + 0)). Let g be z(k). What is the highest common divisor of 39 and g?
13
Suppose 5*r - 32 = -g + 18, -4*r + 16 = 0. What is the highest common factor of 110 and g?
10
Suppose 2*g - 11 = -c, 0 = 2*c + 3*c - 25. Suppose -u + 3*z + 18 = 2*u, g*u - 20 = z. What is the highest common divisor of u and 14?
7
Suppose 3*c - 35 = -2*c. Suppose -1 = 2*a - 3. Let z = a + 0. Calculate the highest common divisor of c and z.
1
Let m be 4/((0 - 2)/2). Let q be (8 - -12)*(-66)/m. What is the greatest common divisor of 30 and q?
30
Suppose -3*c + 3*v = 30 + 9, -3*c - v - 47 = 0. Let o = 3 - c. What is the highest common factor of 54 and o?
18
Let w(f) = -3*f - 3. Let t be w(-2). Let l be 1/(-2 + 22/12). Let m(i) = -i**2 - 5*i + 7. Let r be m(l). What is the highest common factor of t and r?
1
Let g = 24 + -17. Let c be (112/(-10))/(3/(-15)). Calculate the greatest common factor of c and g.
7
Let m(d) = -d**2 - 3*d - 2. Let o be m(-4). Let b be (1 - -1) + (-330)/o. What is the highest common divisor of b and 19?
19
Let m = -7 - -11. Suppose 4*w - 4*p = -692, 5*p = m*w + 2*p + 697. Let g be w/(-14) + 4/14. Calculate the highest common divisor of 65 and g.
13
Let u be (6/9)/(2/12). Suppose 3 = 3*m, -b + u*m = 2*b - 41. Calculate the greatest common factor of b and 75.
15
Let h be (-5 - 0)*(-28)/20. What is the greatest common divisor of h and 49?
7
Suppose 26 = -2*j + 3*j. Suppose 0 = 5*u - 5*y - 55, 3*y - j = -3*u - 11. Calculate the highest common divisor of u and 56.
8
Suppose 0 = 4*h - 651 - 757. Calculate the greatest common divisor of 32 and h.
32
Let y be (-1)/(-3)*(12 + 3). Let d(r) = 3*r + 4. Let w(m) = m - 1. Let o(n) = y*w(n) - d(n). Let j be o(6). Calculate the highest common divisor of j and 6.
3
Let z = -37 + 73. Calculate the highest common divisor of 36 and z.
36
Suppose 4*d + g = -g + 62, 0 = 5*d + 2*g - 79. C